- v. What is the remainder when 50 is divided by u?
14
Calculate the remainder when 6562 is divided by 7 - (0 + 1)/(19/(-95)).
10
Calculate the remainder when (-15)/75*((-3)/9 + 8564/(-3)) is divided by 539.
32
Let s be ((-2)/(-4))/(2/(-8)). Let j be 6756/(-42) + (s + 4)/(-14). Let o = j + 274. Calculate the remainder when o is divided by 23.
21
Suppose -10*u - 1115 = -1225. What is the remainder when 887 is divided by u?
7
Calculate the remainder when 255 is divided by (6 - (-6 + 13 + -1)) + 774/6.
126
Let r = 5583 - 5550. What is the remainder when r is divided by 9?
6
Let n be (5 - 1)*585/60. Suppose -2*f + 7 + n = 0. Calculate the remainder when 47 is divided by f.
1
Suppose 0 = 5*w + 3*h + 17, h + 24 = -4*w - 4*h. Let o(i) = 6 - 7 - 5*i**3 + 2 + 2*i**3 - 12*i**3. Calculate the remainder when 44 is divided by o(w).
12
What is the remainder when 23940/(-120)*(-6)/9 is divided by 28?
21
Suppose -4 = 3*v + 116. What is the remainder when v/100 + (-542)/(-5) is divided by 11?
9
Suppose 4*g - 31 = -v - 4*v, 2*g - 8 = 0. Let x(s) = -v*s + 10*s - 3*s + 26 - 5*s. What is the remainder when 154 is divided by x(-5)?
30
Let v = -104 + -85. Let a be v/12*64/(-24). Let r = a - -11. Calculate the remainder when r is divided by 8.
5
Suppose 1139 + 595 = 6*u. Suppose -u + 294 = r. Calculate the remainder when r is divided by 5.
0
Suppose -q + 4 = -0*q. Let k(r) = 4*r - 27. Suppose -4*w - 4 = b - 45, 0 = 2*b + 6. What is the remainder when k(w) is divided by q?
1
Suppose 3*g - 12*l - 12 = -10*l, 21 = g + 5*l. Let b = -225 + 317. Calculate the remainder when b is divided by g.
2
Let p = 33 - -56. What is the remainder when p is divided by (-6)/32*259008/(-1278)?
13
Suppose -77*g - 537 = -75. Let h(l) = -2*l**2 + 7*l - 5. Let c be h(4). What is the remainder when 11 is divided by g/c*21 + -4?
1
Let w(i) be the first derivative of 4*i**3/3 + 2*i**2 - 3*i + 6. Let r = -42 - -43. What is the remainder when 36 is divided by w(r)?
1
Let f = -87 + 108. Suppose 8*i - 4*i = 16. Suppose -6*k + 204 = -i*k. What is the remainder when k is divided by f?
18
Suppose 4*l + 3*s - 93 = 128, -4*l = 2*s - 218. What is the remainder when (-1833)/(-4)*530/2385 + (-1)/(-6) is divided by l?
49
Let j(i) = 185*i**2 + 24*i - 18. What is the remainder when j(-6) is divided by 10?
8
Let a(n) = -11*n**2 + 182*n + 98. Let t(r) = r**3 + 4*r**2 - 2*r - 1. Calculate the remainder when a(17) is divided by t(-4).
6
Let x = -339 + 616. Let z = x + 259. What is the remainder when z is divided by 60?
56
Let j = 2130 + -2101. What is the remainder when 2*(-635 - -3)/(-4) is divided by j?
26
Suppose -2 = 6*y - 20. Calculate the remainder when y - (6/8 + 4732/(-16)) is divided by 50.
48
Let t = -90 + 106. Suppose -56 = -t*i + 9*i. Calculate the remainder when 11 is divided by i.
3
Let k(c) = -c**2 - 14*c + 14. Let z(o) = -3*o - 49. Let q be z(-12). What is the remainder when -1 - -3 - -17*3 is divided by k(q)?
26
Let s be (-5)/(30 + 5)*(-21)/3. Let a = -10 - -17. What is the remainder when 29 + (24/(-32))/(s/4) is divided by a?
5
Suppose 23*s + 81 = -4*s. Calculate the remainder when 830 is divided by -4*((-7)/2 + s)/2.
11
Let v = 126 - 40. Suppose -k - 6 = -5*b, -6*k + 2*b - v = -10*k. What is the remainder when 91 is divided by k?
15
Let b = -752 + 912. Suppose 136*k + b = 138*k. What is the remainder when k is divided by 4?
0
Suppose -h = -3*s - 14, -5*s - 16 = -h + 2. Let c = 13 + h. What is the remainder when 26 is divided by 141/21 + 6/c?
5
Let c(q) = -73*q**3 + q**2 + q. Let h(i) = -41*i**2 + 3811*i + 206. Calculate the remainder when c(-1) is divided by h(93).
13
Let v = -9463 - -12166. What is the remainder when v is divided by 179?
18
Let s(v) = v**3 - 25*v**2 + 23*v + 76. What is the remainder when 159 is divided by s(24)?
3
Let w = 7763 - 7654. Calculate the remainder when 1079 is divided by w.
98
Let b = -916 + 1975. Suppose -10*h + 11 = -b. Calculate the remainder when h is divided by 6.
5
Suppose 309*q - 332*q = -9361. Calculate the remainder when q is divided by 185.
37
Let g(b) = -5*b - 7. Let h be g(-2). Suppose -137 = -2*o + x, h*o - 11*x = -8*x + 204. Calculate the remainder when 825 is divided by o.
66
Suppose -2*g - 9 = -3*g. Suppose -g*b + 120 = -4*b. Suppose -1315 + 1525 = 3*m. What is the remainder when m is divided by b?
22
Suppose -770 + 1130 = 2*x. What is the remainder when x is divided by 7?
5
Suppose 470 = b - 3*o, 5*b - b - 4*o - 1840 = 0. Suppose 137 + b = 16*v. Calculate the remainder when 184 is divided by v.
36
Let a = 4129 + -4061. What is the remainder when a is divided by 34?
0
Let o be 1*(-5 + 4 - 3/(-1)). Suppose 6*s + o*s = 120. Calculate the remainder when 58 is divided by s.
13
Suppose 0 = 3*d - 2*q - 11, -5*d + 2*q = -9*d + 10. Suppose -74 = -d*v + s, 0 = 16*v - 13*v + 2*s - 59. Calculate the remainder when 617 is divided by v.
19
Suppose 38*u - 4236 = 248. Calculate the remainder when u is divided by 113.
5
Let h = 20249 - 20241. Calculate the remainder when 2311 is divided by h.
7
Suppose 3*r = 0, -384*r + 260 = 5*x - 387*r. Calculate the remainder when x is divided by 34.
18
Let h be ((-46)/8)/((-7)/(-28)). Calculate the remainder when (-13)/(455/21) - h/5 is divided by 2.
0
Let b be (12/8)/((-9)/12) + 25. Calculate the remainder when (2 - 13)/((-4)/16) is divided by 3 + b - (10/(-2) - -8).
21
Suppose 0 = -431*v + 426*v - 2*p + 45453, 5*p - 9086 = -v. What is the remainder when v is divided by 107?
103
Let z = 20 - 27. Let a = -94 - -100. Calculate the remainder when (-2)/z*1 - (-738)/63 is divided by a.
0
Suppose 0 = -1281*z + 1265*z + 1168. Let y(u) = -38*u + 24. Calculate the remainder when y(-7) is divided by z.
71
Let k(f) = f**2 - 18*f + 28. Let w be k(15). Let o = 6 - w. Let a = -219 - -309. Calculate the remainder when a is divided by o.
21
Suppose 0 = 115*h - 113*h + y - 1150, -3*h = -4*y - 1703. Calculate the remainder when h is divided by 570.
3
Let p(d) = -6*d**2 + 66*d + 44. What is the remainder when 523 is divided by p(10)?
3
Let x = -55 + 68. Let s(a) = 10*a + 2. Let j be s(3). Let h = j - 9. Calculate the remainder when h is divided by x.
10
Let z(d) = -d**3 + 6*d**2 + 8*d. Suppose -4*w + 137 = -702*m + 707*m, 4*m + 3*w - 109 = 0. Calculate the remainder when m is divided by z(7).
4
Let z be (11 - 1)*(-9)/18. Let r(o) be the second derivative of o**4/6 + o**3/6 + 4*o**2 + 5*o. Calculate the remainder when r(z) is divided by 14.
11
Let r be (-404)/(-28) - 12/28. Suppose -r*v + 180 = -184. Calculate the remainder when 102 is divided by v.
24
Suppose 4*y - 197 = -41. Suppose -11989 - 3589 = -821*j + 842. Calculate the remainder when y is divided by j.
19
Let s(u) = 3*u - 28. Let o be s(-7). Let b = o + 92. Suppose 0*q = 2*a + q - b, 0 = -5*a - 5*q + 120. What is the remainder when a is divided by 7?
5
Suppose 0 = -23*m + 20*m + 1830. What is the remainder when (-31 - -32)/(2/m) is divided by 62?
57
Let n = -2989 + 2995. What is the remainder when 57 is divided by n?
3
Let o = 2467 - 1483. Calculate the remainder when o is divided by 58.
56
Suppose -5*u - 3*q + 7*q - 10 = 0, 0 = -4*u + 3*q - 8. Calculate the remainder when (6 - (-117)/(-12))*10*u is divided by 27.
21
Let v(b) = b**2 - 6*b + 8. Let y be v(5). Suppose 5*o = y*f - 5*f + 173, 182 = 2*f + 2*o. What is the remainder when f is divided by 55?
39
Suppose s + 13 = -108. Let w be 22/s + 4/22. Suppose 3*g - 18 = -3*a, -g - 3 = -w. Calculate the remainder when a is divided by 2.
1
Let n(z) = 2*z**3 - 13*z**2 + 77*z - 13. What is the remainder when n(12) is divided by 3?
2
Let q = 34 - 11. Let x(g) = -g**3 + 30*g**2 - 30*g + 73. Calculate the remainder when x(29) is divided by q.
21
Let d(r) = r**2 + 4*r - 21. Let b be d(-7). Suppose 3*p - 55*l - 328 = -53*l, -2*p + 5*l + 204 = b. What is the remainder when p is divided by 23?
20
Suppose 3*h = -5*z + 425, -9*z = -4*z + 5*h - 425. What is the remainder when 591 is divided by z?
81
Let u(x) = x**3 + x**2 + 6*x - 8. Let p = -33 + 139. Calculate the remainder when p is divided by u(3).
14
Suppose -9*v + 2292 + 1018 + 3710 = 0. Calculate the remainder when v is divided by 48.
12
Suppose 3*w - 51 = -r, -2*r + w - 5*w = -98. Let b be 6/(-27) + (865/r - 5). Suppose 10*h = b*h - 8. Calculate the remainder when 3 is divided by h.
1
Let q(j)